88/252)/(5/3570). What is the greatest common divisor of 147 and u?
49
Let u(y) = y**3 + 7*y**2 - 3*y - 3. Suppose -3*a + a = 14. Let d be u(a). Suppose 17*q = 18*q - 27. What is the highest common divisor of q and d?
9
Suppose -3*i + 624 = -2*b, -b = -0*b - 3. Calculate the highest common factor of 966 and i.
42
Let f(t) = 2*t + 21. Let j be f(-8). Let v be 66/44 + -317*1/(-2). What is the greatest common factor of v and j?
5
Suppose -4*w + 0*w = -3*m - 883, 661 = 3*w - m. Suppose -10*v + w = v. Let l be (6/v)/3*-18*-5. Calculate the highest common divisor of 1 and l.
1
Let m be (-2)/(-14) + (-2 - (5 - (-942)/(-21))). Let t = -6 - -5. Let q be (4 - 5)/(t/57). What is the greatest common factor of q and m?
19
Suppose 7*h - 629 = 239. What is the highest common divisor of 28 and h?
4
Let u(j) = 2*j**2 + 7*j + 3. Let y be u(6). Let c(n) = -952*n - 1592. Let r be c(-2). Calculate the highest common divisor of r and y.
39
Let d = -4887 - -22242. What is the greatest common divisor of d and 534?
267
Let f(z) = 53*z**3 + z**2 - z. Suppose 0 = -8*i + 3*i + 5. Let k be f(i). Let l be (14 - 8900/30)/(8/(-12)). What is the highest common factor of k and l?
53
Let s be 51/3 + (-2 - (1 - 2)). Calculate the highest common divisor of s and 2048.
16
Let c = -146 - -276. Let g(y) = -16*y**3 - 9*y + 3*y**2 + 2*y**2 + 17*y**3 - 3 - 5. Let q be g(-6). Calculate the highest common divisor of q and c.
10
Let c(j) = -j**2 + 12. Let y be c(-6). Let d be ((-3)/4)/(6/y). What is the greatest common factor of d and 27?
3
Let h(p) = -3*p**3 + 20*p**2 + 5*p + 23. Let u be h(7). Calculate the greatest common divisor of 801 and u.
9
Let k = -651 + 793. Suppose 9*d - 794 = k. Calculate the greatest common factor of 32 and d.
8
Let c be (-2)/(-8) - (4/48*-15693 + 13). What is the highest common factor of c and 222?
37
Let s be (-4 - -3)*(352116/(-76) + (-2)/(-19)). Calculate the greatest common divisor of 41 and s.
41
Let s = -218 + 317. Let a(m) = -m**2 - 2*m + 2. Let z be a(-4). Let x be -14*z/12 + 11. Calculate the greatest common divisor of s and x.
9
Let b(t) = 11*t + 134. Let z be b(-23). Let m = z - -121. Calculate the greatest common divisor of 18 and m.
2
Let a = 650 + -648. Suppose -4*v + 12 = 8*b - 4*b, -2*b + 10 = -a*v. What is the highest common divisor of b and 4?
4
Suppose -38*b = -25*b - 585. Suppose 2*g = 5*x + b, 4*x = g + 6*x - 9. Calculate the highest common divisor of 40 and g.
5
Suppose -131 + 651 = 10*l. Suppose -c + 255 - l = 0. Calculate the greatest common factor of c and 29.
29
Suppose 3*h - 2450 + 676 = -5*v, 3*h + 4*v - 1778 = 0. What is the highest common divisor of 230 and h?
46
Let a(f) = -1654*f**3 + 4*f**2 + 39*f + 37. Let x be a(-1). What is the highest common factor of 504 and x?
72
Let d be -35*20/(-16) - (-11)/44. Suppose -4 = 4*a - d. Suppose 3*c - 150 = 3*i, 0 = -0*c - c + 2*i + 50. Calculate the greatest common divisor of a and c.
10
Suppose -4*z + 30 = 5*g, 3 = g + 3*z - 3. Suppose -g = -2*i + 4. Suppose 34 = i*f - 6. Calculate the highest common factor of 40 and f.
8
Suppose 0 = 4*f - 2*q - 6, 27*f + 2*q + 6 = 24*f. Suppose 10*a - 540 + 120 = f. What is the highest common factor of 12 and a?
6
Let y(a) = -10*a - 28. Let k be y(-3). Suppose 3*r - 6*w - 392 = -8*w, -2*r + k*w + 258 = 0. Calculate the highest common divisor of r and 26.
26
Let p = -9084 + 9209. What is the highest common factor of 20 and p?
5
Let v be (107 + -98)*34959/9. Calculate the highest common factor of v and 129.
129
Let s(k) = -k**3 + 18*k**2 - 31*k + 29. Let y be s(16). Suppose a = -3*b + 185, -b + 34 = -4*a - y. What is the greatest common factor of 1008 and b?
63
Let h(j) = -18*j. Let x be h(0). Suppose x = -39*g + 45 + 111. Calculate the greatest common divisor of g and 13.
1
Suppose 17 = 2*w - 5*x, -5*x - 2 + 3 = w. Let a(z) = 555*z + 1. Let q be a(1). Suppose -w*d + 200 = -q. Calculate the highest common factor of 18 and d.
18
Let a(i) = -5*i - 2*i + 15*i - 6 + 6*i**2 - 5*i. Let p be a(5). Suppose 4*z - p = 129. What is the highest common divisor of 9 and z?
9
Let x(j) = 3*j + 2. Let u be x(20). Let h be ((-1581)/(-15))/((-37)/(-370)). Calculate the highest common divisor of u and h.
62
Let l = 28 + 6. Suppose 0 = -3*p + 5*q + 202, 3*p - 4*p = -4*q - 72. Let m = p - l. Calculate the highest common factor of m and 70.
10
Suppose -4*i + 3*b + 103709 = 0, 5*i + 718*b = 715*b + 129643. What is the highest common divisor of i and 28?
28
Let t(m) = m**2 - 19*m + 14. Let i be t(18). Let v be (4/6)/(i/(-24)). Let g(z) = z**2 - z + 2. Let p be g(2). What is the highest common divisor of p and v?
4
Suppose -161*t + 157*t + 502 = -5*j, 5*j + 148 = t. Calculate the highest common divisor of t and 2006.
118
Let p = -4046 - -4065. What is the greatest common divisor of 4541 and p?
19
Let v be 0*2/4 + (3 - -14). Calculate the highest common divisor of 7412 and v.
17
Let b = -251 - -253. Suppose 530 = 5*a - 4*c, -a = 4*a + b*c - 560. Let u = 141 - 97. What is the highest common divisor of a and u?
22
Suppose 665*y - 823*y + 1324356 = 0. Calculate the highest common factor of 127 and y.
127
Suppose -51*l + 46*l = u - 1757, -l = 2*u - 346. What is the highest common divisor of 112 and l?
16
Let x(r) = r**3 - 18*r**2 + 31*r + 22. Let v be x(16). Suppose -v*w + 434 = 182. What is the greatest common factor of w and 714?
42
Let s(p) = p**2 + 61*p + 1248. Let w be s(-82). Calculate the highest common factor of w and 22.
22
Let x be (42/(-98))/(1/(-7)). Suppose -i - x*c - 1 = c, 4*i = -2*c + 10. Calculate the highest common factor of i and 6.
3
Suppose -4 = 2*b, -2*i - 144 = -5*i - 3*b. Let u = -70 - -100. What is the highest common factor of u and i?
10
Let o be (-1776)/(-104) + 3 + (-3)/39. Calculate the greatest common divisor of 160 and o.
20
Suppose -130*s + 126*s + 2284 = 0. Let y = -539 + s. Suppose 41 + 119 = 2*q. Calculate the highest common factor of q and y.
16
Let p(n) = -n**3 + 16*n**2 - 2*n + 37. Let g be p(16). Let v be 32 + ((-15)/g - (0 + -7)). Calculate the greatest common divisor of v and 20.
4
Suppose -c = 4*u - 1112, -20 = 2*c + 3*c. Suppose 329*v + 57*v - 6948 = 0. Calculate the highest common factor of v and u.
9
Suppose -26*f + 51*f = 34*f - 2700. Calculate the highest common factor of 810 and f.
30
Let y = -206 - -211. Suppose 4*w = 5*c + 903, -y*w = 5*c - 248 - 937. What is the highest common divisor of 8 and w?
8
Let v = 37 + -41. Let u be v - ((-311)/1 + 1). Suppose -r + 0*r + x + 58 = 0, -u = -5*r - 3*x. What is the highest common divisor of r and 15?
15
Suppose -22*p = -107*p - 3*p + 40656. Calculate the highest common factor of 504 and p.
42
Let f(t) = -t - 19. Let p(w) = -w**2 + 31*w - 26. Let m be p(32). Let j be f(m). What is the highest common factor of j and 156?
39
Let z(j) = 2*j**2 - 12*j + 2. Let r be z(7). Let n be (4/(-12))/(r/(-96)). What is the highest common factor of n and 2?
2
Let k be (102/12)/((-2)/(-12)). Suppose 5*f + g = 442, 10*f - 14*f + 5*g + 371 = 0. Suppose f*d + 510 = 91*d. Calculate the highest common divisor of k and d.
51
Suppose -5*j + 1410 = 4*z, -82*j - 1062 = -3*z - 85*j. What is the greatest common factor of z and 1035?
45
Let o = -14 + 11. Let c be 2 + 306 + o - 1. Calculate the highest common factor of c and 38.
38
Let l be (9/((-162)/12))/(-2)*81. Let j(q) = -21*q - 27. Let t be j(-18). What is the greatest common divisor of l and t?
27
Let u(n) = 16*n + 3. Let j be u(-4). Let o = 68 + j. Suppose -o*s - 16 = -8*s. Calculate the greatest common factor of s and 16.
16
Let n(m) = -73*m + 149. Let t be n(2). Suppose 0 = -3*d - t*d + 54. Calculate the greatest common divisor of 30 and d.
3
Let w be 12/4*-11*(-18 - 0). Suppose -8*h + 5*h - 35 = -2*y, -2*y - 2*h + 50 = 0. Calculate the highest common factor of y and w.
22
Let i = 72 - 70. Let z(x) = x**2 + x + 1. Let w(m) = m**2 - 3*m - 16. Let a(y) = i*z(y) + w(y). Let d be a(-5). What is the highest common divisor of 6 and d?
6
Suppose -7*l + 1991 = 521. Suppose 0*j + a - l = -3*j, a = 0. Let c be (-4)/6*-42*(5 - 3). What is the greatest common factor of j and c?
14
Let z(n) = -69*n + 1000. Let o be z(14). Calculate the greatest common factor of 3519 and o.
17
Let n(g) = g**2 + 143*g - 1979. Let k be n(13). What is the highest common divisor of 9457 and k?
49
